ase 9, what is -355 + 0?
-355
In base 9, what is -5 - -135?
130
In base 6, what is -5 - -10?
1
In base 4, what is 311022 - 1?
311021
In base 15, what is 48 + 47?
90
In base 9, what is 1 - 45?
-44
In base 5, what is 0 - -22?
22
In base 7, what is 2 + 5266?
5301
In base 15, what is 3 - -16e?
172
In base 9, what is -2 - -103?
101
In base 3, what is 10121 + 12?
10210
In base 7, what is -30 + -1152?
-1212
In base 4, what is 22101 - 3?
22032
In base 13, what is 108b - -4?
1092
In base 11, what is 175 - 0?
175
In base 12, what is -9 - 330?
-339
In base 7, what is 66 + 24?
123
In base 4, what is 101 + 32?
133
In base 7, what is 5 - -112?
120
In base 11, what is -19 - -26?
8
In base 15, what is c8 + 7?
d0
In base 10, what is -17 - 123?
-140
In base 11, what is 0 + 279a?
279a
In base 8, what is -311 - -4?
-305
In base 4, what is 12 - 23320?
-23302
In base 7, what is 326 + -6?
320
In base 7, what is -2 - 21302?
-21304
In base 6, what is 2 + 1435?
1441
In base 13, what is -40 - 9?
-49
In base 9, what is -1 - -134?
133
In base 11, what is 0 - 7355?
-7355
In base 15, what is -124 - 3?
-127
In base 12, what is -10a46 - 1?
-10a47
In base 16, what is 3c0 + -1?
3bf
In base 8, what is -3 - 5011?
-5014
In base 4, what is 122132 + -1?
122131
In base 16, what is 3e7 + -6?
3e1
In base 5, what is -10 - -23430?
23420
In base 9, what is 6 - 14?
-7
In base 6, what is 4 + 344?
352
In base 9, what is 134 + -2?
132
In base 10, what is -5 + 46?
41
In base 4, what is -1 - 20?
-21
In base 10, what is -1822 - 3?
-1825
In base 10, what is 339 - -3?
342
In base 12, what is -5 - 18?
-21
In base 3, what is -1 + -1102?
-1110
In base 10, what is -21 - -1?
-20
In base 16, what is 4f - -5b?
aa
In base 16, what is -7 + -21d?
-224
In base 9, what is -24 + -328?
-353
In base 3, what is 2210 + -11?
2122
In base 13, what is -360 + 6?
-357
In base 7, what is -4 - 1004?
-1011
In base 11, what is 6 - -146?
151
In base 11, what is 4 + 435?
439
In base 5, what is 111321 + 1?
111322
In base 8, what is -4 - 227?
-233
In base 5, what is 34014 + -3?
34011
In base 5, what is -1140 - 11?
-1201
In base 10, what is -104 - -7?
-97
In base 14, what is 13 + d?
22
In base 13, what is -2 - -29?
27
In base 16, what is -2 - f2?
-f4
In base 12, what is -5 + 520?
517
In base 11, what is 4 + -312?
-309
In base 16, what is 1c - -35?
51
In base 16, what is -62 - -5?
-5d
In base 2, what is 100 + -10010001001?
-10010000101
In base 6, what is -15 - -311?
252
In base 9, what is 1 - 4?
-3
In base 8, what is 300 + -4?
274
In base 8, what is 2476 - 5?
2471
In base 5, what is 200 - 112?
33
In base 5, what is -2412 - -3?
-2404
In base 5, what is -4130 + -4?
-4134
In base 7, what is 1245 - 3?
1242
In base 5, what is -221 - 2?
-223
In base 6, what is 11 - -43?
54
In base 11, what is 275 - 3?
272
In base 9, what is -34 + 0?
-34
In base 12, what is -1 - 5?
-6
In base 5, what is -32413 - 4?
-32422
In base 3, what is -20001 + 102?
-12122
In base 10, what is 968 - 12?
956
In base 12, what is -3 - -28?
25
In base 5, what is -22030 - -1?
-22024
In base 16, what is 5 + -19?
-14
In base 2, what is 110111101 + 1111?
111001100
In base 6, what is 1 - -2252?
2253
In base 14, what is -56 + 10?
-46
In base 12, what is 59 - -4?
61
In base 4, what is 12322 + -11?
12311
In base 16, what is 1f1e - -3?
1f21
In base 3, what is -1 + 122111?
122110
In base 10, what is 16 + 6?
22
In base 12, what is -848 + 0?
-848
In base 9, what is 68 + 1?
70
In base 9, what is 152 - 0?
152
In base 15, what is -182 + 1?
-181
In base 2, what is 11 + -111000?
-110101
In base 8, what is 1344 - -1?
1345
In base 12, what is -3 + -2a?
-31
In base 13, what is 28 - -15?
40
In base 10, what is -3 - 127?
-130
In base 9, what is 14883 + 0?
14883
In base 4, what is 1202 + 11?
1213
In base 10, what is 4 - 258?
-254
In base 3, what is -111 + 110001?
102120
In base 3, what is -10 - -12200?
12120
In base 7, what is -126 - -62?
-34
In base 4, what is -11 + -133212?
-133223
In base 9, what is -11 + -104?
-115
In base 15, what is 0 - b1?
-b1
In base 13, what is 4 + -4?
0
In base 13, what is 22a - -4?
231
In base 2, what is 1 + 11101011?
11101100
In base 3, what is -100 + -11121?
-11221
In base 11, what is 3 + -58?
-55
In base 10, what is -753 - 3?
-756
In base 6, what is 0 + 15104?
15104
In base 10, what is -13 - 67?
-80
In base 12, what is 19a - -5?
1a3
In base 13, what is 46b + -6?
465
In base 10, what is -22 - 1?
-23
In base 4, what is -10 - -131111?
131101
In base 9, what is 4 + 515?
520
In base 16, what is 1 - 123?
-122
In base 10, what is 4 - 4302?
-4298
In base 5, what is -2043 + -4?
-2102
In base 16, what is -51 - -d?
-44
In base 9, what is 5 + 13?
18
In base 10, what is 0 - -181?
181
In base 13, what is 9 - 6?
3
In base 7, what is -5 + -4434?
-4442
In base 2, what is 11 - -11000001?
11000100
In base 13, what is -39 + -172?
-1ab
In base 9, what is -5 + -106?
-112
In base 2, what is 10 + 111001?
111011
In base 13, what is 1c2 + -1?
1c1
In base 14, what is 1 - -26?
27
In base 4, what is 1212 - 31?
1121
In base 13, what is -1bc - 1?
-1c0
In base 10, what is -7 + -144?
-151
In base 7, what is 40 + 24?
64
In base 2, what is -1111 + -10001001?
-10011000
In base 9, what is -42 - 138?
-181
In base 9, what is 55 - 25?
30
In base 7, what is 420 + -133?
254
In base 14, what is -7b4 - -2?
-7b2
In base 10, what is 2 + -33?
-31
In base 2, what is -1000000 - -100?
-111100
In base 11, what is -a + 35?
26
In base 5, what is 2423 - -3?
2431
In base 5, what is 0 - 410?
-410
In base 7, what is -16 - 46?
-65
In base 7, what is -4 - 64?
-101
In base 6, what is -1154 - -34?
-1120
In base 12, what is -9 - 177?
-184
In base 10, what is -5 + -9?
-14
In base 12, what is 626 - 0?
626
In base 4, what is 1202 + 2?
1210
In base 5, what is -3322 + 1?
-3321
In base 9, what is -31 - -253?
222
In base 7, what is 266 - -20?
316
In base 16, what is -61c - -1?
-61b
In base 14, what is -5 + 2622?
261b
In base 11, what is 2 - -37?
39
In base 12, what is 9b - -13?
b2
In base 4, what is -2201 - 230?
-3031
In base 3, what is -12022 + 0?
-12022
In base 2, what is 1100 - 1001?
11
In base 9, what is -10 + -1333?
-1343
In base 6, what is -4 - -2000?
1552
In base 16, what is -11 - 2?
-13
In base 8, what is 10 + 114?
124
In base 15, what is a7 + -3?
a4
In base 6, what is -33 - -14?
-15
In base 8, what is -5575 - 6?
-5603
In base 15, what is 7 + -29?
-22
In base 13, what is -4 + 60?
59
In base 16, what is 6 + 120?
126
In base 11, what is -2 + 46?
44
In base 7, what is -46 + 1?
-45
In base 12, what is 2 - 21?
-1b
In base 4, what is 12 - 20?
-2
In base 13, what is 0 - -3c?
3c
In base 5, what is 11 - 420?
-404
In base 6, what is -333 + 5?
-324
In base 6, what is -115 + 113?
-2
In base 7, what is 114 - 5?
106
In base 11, what is 13 + -439?
-426
In base 15, what is -299 + 12?
-287
In base 4, what is -3022 + 0?
-3022
In base 13, what is -16 + -b3b?
-b54
In base 10, what is 152 + -1?
151
In base 12, what is 146 - -3?
149
In base 3, what is 2 - 1121112?
-1121110
In base 7, what is 136 + 26?
165
In base 15, what is 757 - 1?
756
In base 7, what is -1533 - 2?
-1535
In base 12, what is -3 - -22b?
228
In base 3, what is -10 - 12022?
-12102
In base 11, what is 3 - 110?
-108
In base 7, what is 3 - -1110?
1113
In base 2, what is -11 - -10111100111?
10111100100
In base 16, what is -15 - -5?
-10
In base 3, what is 12 - -1201?
1220
In base 7, what is -46405 - -5?
-46400
In base 13, what is a - -200?
20a
In base 8, what is -247 - -2?
-245
In base 10, what is -156 + -2?
-158
In base 9, what is 1214 - 3?
1211
In base 13, what is 110 + 4?
114
In base 5, what is -2 + 22130?
22123
In base 2, what is 1 - -11010111?
11011000
In base 13, what is 1ba + -2c?
18b
In base 3, what is -1112 - -2?
-1110
In base 3, what is 100022 + 10?
100102
In base 5, what is 2 - 3433?
-3431
In base 2, what is -1 + -11011111?
-11100000
In base 13, what is 1 - 14a?
-149
In base 15, what is 1 + 2465?
2466
In base 15, what is 6 + c4?
ca
In base 10, what is 5 - -320?
325
In base 16, what is -1 + -d6?
-d7
In base 3, what is -122 - -222?
100
In base 5, what is 43 + -14?
24
In base 2, what is 100011 - 1?
100010
In base 7, what is 100 - 264?
-164
In base 3, what is -21 + 1002?
211
In base 16, what is 7 + -3b9?
-3b2
In base 9, what is 43 + 0?
43
In base 12, what is -84 + -6?
-8